 + z). Calculate the greatest common divisor of 9 and p.
3
Let m = -2 - -12. Let l = -249 - -399. Suppose 5*h + l = 3*o, 2 = -3*o + 3*h + 152. What is the highest common factor of o and m?
10
Let b = 15093 - 15042. Let t be 1 + 1 - (1 - 3). Let i be (-234)/(-14) + t/14. Calculate the highest common factor of i and b.
17
Let o = 57 - 97. Let k = -15 - o. Let c be (-5*5)/(3/(-12)). Calculate the greatest common divisor of k and c.
25
Suppose 16*s = 3*s + 117. Suppose -x = 2*x + s. Let z(a) = -17*a - 18. Let v be z(x). Calculate the highest common divisor of 132 and v.
33
Let o = -18 + 16. Let x be o/4 + 197/2 + -2. Suppose -x = -8*u + 4*u. Calculate the greatest common factor of 3 and u.
3
Let v(m) = -m**3 - 19*m**2 - 48*m - 236. Let r be v(-22). What is the greatest common divisor of r and 994?
142
Let j = -21313 - -21371. Let s(u) = -16*u - 3. Let b be s(-2). Calculate the highest common divisor of j and b.
29
Let j be 104/4*(-60)/(-780). What is the highest common divisor of 477 and j?
1
Let l be (2/6 - (-2 + -2))*-3. Let z(m) = -57*m - 255. Let q be z(l). Calculate the greatest common factor of q and 108.
54
Suppose -5*q - 20 - 109 = -2*z, 5*q = 4*z - 263. Let m = z - -392. What is the highest common factor of m and 18?
9
Let k(d) = 226*d - 2252. Let g be k(10). Calculate the greatest common divisor of g and 122.
2
Let s(a) = a - 2. Let f be s(8). Suppose 53 = -d + f. Let c = d + 67. What is the highest common factor of 220 and c?
20
Suppose 67*v + 20*v - 70905 = 0. What is the highest common factor of v and 5?
5
Let w be ((-2)/(-4))/(-8 + 6) - (-1128)/32. Calculate the greatest common divisor of 623 and w.
7
Let c be 108*(((-3306)/(-16))/(-19))/((-6)/8). What is the highest common divisor of 27 and c?
27
Suppose -4*w + 132 = 2*v, -2*v = 3*w + 2*w - 133. Let r(b) = 6*b - 56. Let h be r(12). Calculate the highest common divisor of h and v.
16
Let g(i) = i**2 - 7*i + 6. Let j be g(8). Suppose -19*z + 20 = -j*z. Let s be (2388/18)/1 - z/6. What is the greatest common factor of 12 and s?
12
Suppose -2*o + 3*l + 320 = 3*o, 142 = 2*o - 4*l. Let u = o + -55. Let h be (2 - 16/u)*-36. What is the highest common factor of 8 and h?
8
Let y be -10*126/1575 + (-12128)/(-10). What is the highest common factor of y and 228?
12
Let f be (-2)/(-3) - 681/9. Let d = f + 82. What is the highest common factor of 35 and d?
7
Let k(o) = -o - 9. Let s be (-6)/(-15) + (-124)/10. Let n be k(s). What is the greatest common factor of 24 and n?
3
Let f(l) = -2*l**2 - 51*l + 1689. Let a be f(-44). Calculate the highest common divisor of a and 2257.
61
Let w(v) = -3*v - 3*v + 15*v + 6*v - 4*v - 77. Let o be w(13). Calculate the greatest common factor of 176 and o.
22
Let i(s) = 2*s**2 - 97*s + 69. Let w be i(48). Let q(j) = -68*j + 2. Let y be q(4). Let g be (y/35)/((-3)/w). What is the greatest common factor of 9 and g?
9
Let d(v) = 6*v**2 + 3*v + 3. Let r be d(-7). Let l = r + -37. Suppose 0 = -4*z + 4*b + 316, b - 3*b - l = -3*z. What is the greatest common factor of 9 and z?
9
Suppose -4773*f + 2401*f - 663 = -2411*f. Let o be 1*(5*3 + 2). What is the greatest common divisor of o and f?
17
Suppose -5*g = -10*g + 365. Let d = -71 + g. Suppose 3 = d*o - 3. What is the greatest common divisor of 33 and o?
3
Let u = 16777 + -16735. Calculate the greatest common divisor of 238 and u.
14
Let p(d) = 15*d**3 - 6*d**2 - 20*d - 6. Let s be p(-3). Let j = 507 + s. Calculate the highest common factor of 51 and j.
51
Let r(v) = 4*v**2 + 41*v - 225. Let k(h) = -5*h**2 - 40*h + 223. Let u(x) = 2*k(x) + 3*r(x). Let b be u(7). What is the highest common factor of b and 20?
10
Let l be (-1226)/14 + 72/126. Let y = l + 114. What is the greatest common divisor of y and 621?
27
Let s(i) = -i**3 + 4*i + 7. Let m be s(-2). Let x be 20/4 + 3 + m. Calculate the greatest common divisor of 5 and x.
5
Let b(v) = v + 55. Let z be b(21). Let p be 3*4/6*1. Suppose w = p*j + z, -513 = -5*w + j - 151. Calculate the greatest common factor of 48 and w.
24
Let x = 278 - 264. Let y be (-7)/x + (-3266)/(-4). What is the greatest common divisor of 48 and y?
48
Let r be (2 - 49/14)*(-6263 - -3). Calculate the highest common factor of 60 and r.
30
Let d = 72 + -28. Suppose 980*v - 983*v = -1122. Calculate the highest common factor of d and v.
22
Suppose -23*w - 5016 = -42*w. What is the highest common divisor of w and 165?
33
Let b(f) = -f**3 + 4*f**2 - 4*f + 11. Let v be b(3). Let m be (-726)/(-12) - (36/v + -4). What is the highest common divisor of m and 100?
20
Suppose 4*z - 3*z + f - 32 = 0, -2*z + 4*f = -58. Suppose 8*q = z + 233. What is the highest common divisor of q and 165?
33
Let r = -25120 - -25461. Let x be 9/(-15) + 58/5. What is the greatest common divisor of r and x?
11
Let a be 51*(4 - 2/9*15). Let i be (-342)/(-5) - (0 + (-2)/(-5)). What is the highest common factor of i and a?
34
Suppose 0 = -6*f + 11 + 19. Suppose -f*s - 9 = -504. Calculate the highest common factor of 66 and s.
33
Let u(a) = -2*a**2 + 28*a - 31. Let p be u(10). Let c = -162 + 243. Let z = -67 + c. What is the highest common divisor of p and z?
7
Let c = -112 + 114. Suppose 2*q - 34 = c. What is the greatest common factor of 99 and q?
9
Let v = -6534 + 11836. What is the greatest common factor of 11 and v?
11
Suppose 0 = -207*d + 169*d + 304. Let o(f) = 16*f**2 - f - 2. Let l be o(-2). Calculate the greatest common factor of l and d.
8
Suppose 3*c - 3*p + 1307 = 1610, 0 = -4*c - 4*p + 412. Calculate the highest common divisor of c and 8262.
102
Suppose -23*m - 35 = -28*m. Let o be (-4 + (m - 5))/(-1). Calculate the greatest common factor of o and 18.
2
Suppose 4*l - 2*p - 14 = 12, 0 = -p + 3. Suppose 0 = l*f - 7*f - 6. Calculate the highest common divisor of f and 96.
6
Let k(x) = -x**2 + 4*x - 19. Let y be k(17). Let v = -402 - y. Let l = 34 - v. Calculate the greatest common factor of 28 and l.
28
Let t be (-108)/(-14)*770/165. Suppose 0*a + 5*a = 1260. What is the highest common factor of a and t?
36
Suppose 0 = 3838*l - 3903*l + 1040. Suppose -3*c + 32 = -28. What is the greatest common factor of l and c?
4
Let i = -16608 + 16644. What is the greatest common factor of 7974 and i?
18
Let m(l) = 28*l + 34. Let g be m(2). Suppose -10 = -5*q + 10. Suppose q*c + 108 = 2*k + c, -5*k + 5*c = -280. What is the highest common factor of g and k?
30
Suppose 5*o + 0*o + 2*k - 177 = 0, 2*k + 173 = 5*o. Suppose 6*t - o = 13. Suppose 4*x + 460 = t*x. Calculate the greatest common divisor of x and 46.
23
Suppose -2*v + m = -3048 - 2036, 0 = 4*v + 2*m - 10184. What is the highest common divisor of v and 530?
106
Suppose 11 - 15 = w. Let o be ((-20)/(-30))/((w/(-111))/2). Suppose 2*l - 1184 = -2*l. Calculate the greatest common factor of l and o.
37
Let k(d) = -47*d + 143. Let o be k(0). What is the highest common factor of 594 and o?
11
Let t = 256 - 419. Let f = t - -171. Calculate the greatest common divisor of f and 6.
2
Suppose 3*j = -u - 369, -5*u + 246 = -2*j - 9*u. Let k = j + 159. What is the greatest common divisor of 81 and k?
9
Let u(v) = -v**3 - 8*v**2 + 7*v - 50. Let g be u(-10). Calculate the greatest common factor of 215 and g.
5
Let p(b) = -2*b**2 + 29*b - 97. Let q be p(7). What is the greatest common factor of 1376 and q?
8
Let c = 286 - 254. Let l = 70 + -62. What is the greatest common divisor of c and l?
8
Let y be (3*8/18)/((-3)/(-18)). Let k be ((-10)/y)/((-3)/36). Let x be 8 - 6/(-4)*(-10)/k. Calculate the greatest common factor of x and 56.
7
Suppose 0 = 5*f - 3*r - 2617, 1563 = 3*f - 36*r + 33*r. What is the highest common divisor of 403 and f?
31
Let k(d) = 7*d**2 + 96*d - 232. Let x be k(-52). Calculate the greatest common divisor of x and 24.
24
Let c(y) = -8*y + 8. Let k be c(-3). Suppose 0 = -470*h + 477*h - 2016. What is the greatest common factor of h and k?
32
Let b = -318 + 321. Calculate the greatest common factor of b and 81.
3
Suppose -j + 19 = -3*v + 7*v, j + 8*v - 35 = 0. Calculate the greatest common factor of 232 and j.
1
Let v(b) be the first derivative of -b**3 + 49*b**2/2 - 6*b + 15. Let j be v(16). What is the greatest common divisor of 160 and j?
10
Suppose -559*p + 557*p + 344 = 2*i, 2*i - 336 = -p. Calculate the greatest common factor of 2050 and i.
82
Let f be ((-34)/(-3))/(114/2